[INFO] cloning repository https://github.com/srijs/deps.rs
[INFO] running `Command { std: "git" "-c" "credential.helper=" "-c" "credential.helper=/workspace/cargo-home/bin/git-credential-null" "clone" "--bare" "https://github.com/srijs/deps.rs" "/workspace/cache/git-repos/https%3A%2F%2Fgithub.com%2Fsrijs%2Fdeps.rs", kill_on_drop: false }`
[INFO] [stderr] Cloning into bare repository '/workspace/cache/git-repos/https%3A%2F%2Fgithub.com%2Fsrijs%2Fdeps.rs'...
[INFO] running `Command { std: "git" "rev-parse" "HEAD", kill_on_drop: false }`
[INFO] [stdout] c9ae182bf4add23c5a660b98e0fb89341c95f3d3
[INFO] checking srijs/deps.rs against try#72f88fc4e9458f89516a0b8b0868f3718aec5b47 for pr-74989
[INFO] running `Command { std: "git" "clone" "/workspace/cache/git-repos/https%3A%2F%2Fgithub.com%2Fsrijs%2Fdeps.rs" "/workspace/builds/worker-14/source", kill_on_drop: false }`
[INFO] [stderr] Cloning into '/workspace/builds/worker-14/source'...
[INFO] [stderr] done.
[INFO] validating manifest of git repo https://github.com/srijs/deps.rs on toolchain 72f88fc4e9458f89516a0b8b0868f3718aec5b47
[INFO] running `Command { std: "/workspace/cargo-home/bin/cargo" "+72f88fc4e9458f89516a0b8b0868f3718aec5b47" "read-manifest" "--manifest-path" "Cargo.toml", kill_on_drop: false }`
[INFO] started tweaking git repo https://github.com/srijs/deps.rs
[INFO] removed path dependency badge from git repo https://github.com/srijs/deps.rs
[INFO] finished tweaking git repo https://github.com/srijs/deps.rs
[INFO] tweaked toml for git repo https://github.com/srijs/deps.rs written to /workspace/builds/worker-14/source/Cargo.toml
[INFO] crate git repo https://github.com/srijs/deps.rs already has a lockfile, it will not be regenerated
[INFO] running `Command { std: "/workspace/cargo-home/bin/cargo" "+72f88fc4e9458f89516a0b8b0868f3718aec5b47" "fetch" "--locked" "--manifest-path" "Cargo.toml", kill_on_drop: false }`
[INFO] [stderr]     Blocking waiting for file lock on package cache
[INFO] [stderr]     Updating crates.io index
[INFO] [stderr] error: the lock file /workspace/builds/worker-14/source/Cargo.lock needs to be updated but --locked was passed to prevent this
[INFO] [stderr] If you want to try to generate the lock file without accessing the network, use the --offline flag.
[INFO] the lockfile is outdated, regenerating it
[INFO] running `Command { std: "/workspace/cargo-home/bin/cargo" "+72f88fc4e9458f89516a0b8b0868f3718aec5b47" "generate-lockfile" "--manifest-path" "Cargo.toml" "-Zno-index-update", kill_on_drop: false }`
[INFO] [stderr]     Blocking waiting for file lock on package cache
[INFO] running `Command { std: "/workspace/cargo-home/bin/cargo" "+72f88fc4e9458f89516a0b8b0868f3718aec5b47" "fetch" "--locked" "--manifest-path" "Cargo.toml", kill_on_drop: false }`
[INFO] [stderr]     Blocking waiting for file lock on package cache
[INFO] [stderr]  Downloading crates ...
[INFO] [stderr]   Downloaded badge v0.2.0
[INFO] [stderr]   Downloaded shared_failure v0.1.0
[INFO] [stderr]   Downloaded rustsec v0.6.0
[INFO] [stderr]   Downloaded cadence v0.13.2
[INFO] [stderr]   Downloaded try_future v0.1.3
[INFO] [stderr]   Downloaded relative-path v0.3.7
[INFO] running `Command { std: "docker" "create" "-v" "/var/lib/crater-agent-workspace/builds/worker-14/target:/opt/rustwide/target:rw,Z" "-v" "/var/lib/crater-agent-workspace/builds/worker-14/source:/opt/rustwide/workdir:ro,Z" "-v" "/var/lib/crater-agent-workspace/cargo-home:/opt/rustwide/cargo-home:ro,Z" "-v" "/var/lib/crater-agent-workspace/rustup-home:/opt/rustwide/rustup-home:ro,Z" "-e" "SOURCE_DIR=/opt/rustwide/workdir" "-e" "CARGO_TARGET_DIR=/opt/rustwide/target" "-e" "CARGO_HOME=/opt/rustwide/cargo-home" "-e" "RUSTUP_HOME=/opt/rustwide/rustup-home" "-w" "/opt/rustwide/workdir" "-m" "1610612736" "--user" "0:0" "--network" "none" "rustops/crates-build-env@sha256:d92eaeed33fa75130ca1ee6c8a01d1ffb62bac859dfdfb3450e3e5d1c0146529" "/opt/rustwide/cargo-home/bin/cargo" "+72f88fc4e9458f89516a0b8b0868f3718aec5b47" "metadata" "--no-deps" "--format-version=1", kill_on_drop: false }`
[INFO] [stdout] e3476368b4c83b09ee6e4e88f9ffc9fd959e76b5c1c36fe4f5935c16c5068bb7
[INFO] [stderr] WARNING: Your kernel does not support swap limit capabilities or the cgroup is not mounted. Memory limited without swap.
[INFO] running `Command { std: "docker" "start" "-a" "e3476368b4c83b09ee6e4e88f9ffc9fd959e76b5c1c36fe4f5935c16c5068bb7", kill_on_drop: false }`
[INFO] running `Command { std: "docker" "inspect" "e3476368b4c83b09ee6e4e88f9ffc9fd959e76b5c1c36fe4f5935c16c5068bb7", kill_on_drop: false }`
[INFO] running `Command { std: "docker" "rm" "-f" "e3476368b4c83b09ee6e4e88f9ffc9fd959e76b5c1c36fe4f5935c16c5068bb7", kill_on_drop: false }`
[INFO] [stdout] e3476368b4c83b09ee6e4e88f9ffc9fd959e76b5c1c36fe4f5935c16c5068bb7
[INFO] running `Command { std: "docker" "create" "-v" "/var/lib/crater-agent-workspace/builds/worker-14/target:/opt/rustwide/target:rw,Z" "-v" "/var/lib/crater-agent-workspace/builds/worker-14/source:/opt/rustwide/workdir:ro,Z" "-v" "/var/lib/crater-agent-workspace/cargo-home:/opt/rustwide/cargo-home:ro,Z" "-v" "/var/lib/crater-agent-workspace/rustup-home:/opt/rustwide/rustup-home:ro,Z" "-e" "SOURCE_DIR=/opt/rustwide/workdir" "-e" "CARGO_TARGET_DIR=/opt/rustwide/target" "-e" "CARGO_INCREMENTAL=0" "-e" "RUST_BACKTRACE=full" "-e" "RUSTFLAGS=--cap-lints=forbid" "-e" "CARGO_HOME=/opt/rustwide/cargo-home" "-e" "RUSTUP_HOME=/opt/rustwide/rustup-home" "-w" "/opt/rustwide/workdir" "-m" "1610612736" "--user" "0:0" "--network" "none" "rustops/crates-build-env@sha256:d92eaeed33fa75130ca1ee6c8a01d1ffb62bac859dfdfb3450e3e5d1c0146529" "/opt/rustwide/cargo-home/bin/cargo" "+72f88fc4e9458f89516a0b8b0868f3718aec5b47" "check" "--frozen" "--all" "--all-targets" "--message-format=json", kill_on_drop: false }`
[INFO] [stdout] ea111eb623c7dea3474d6f5d3d5a205fb56aaf365bf695b406e5fbd194b723a4
[INFO] [stderr] WARNING: Your kernel does not support swap limit capabilities or the cgroup is not mounted. Memory limited without swap.
[INFO] running `Command { std: "docker" "start" "-a" "ea111eb623c7dea3474d6f5d3d5a205fb56aaf365bf695b406e5fbd194b723a4", kill_on_drop: false }`
[INFO] [stderr]    Compiling log v0.4.11
[INFO] [stderr]     Checking futures v0.1.29
[INFO] [stderr]    Compiling pkg-config v0.3.18
[INFO] [stderr]     Checking fnv v1.0.7
[INFO] [stderr]     Checking percent-encoding v1.0.1
[INFO] [stderr]     Checking safemem v0.3.3
[INFO] [stderr]    Compiling openssl v0.9.24
[INFO] [stderr]    Compiling unicode-xid v0.2.1
[INFO] [stderr]    Compiling version_check v0.1.5
[INFO] [stderr]    Compiling syn v1.0.41
[INFO] [stderr]     Checking bitflags v0.9.1
[INFO] [stderr]     Checking lazy_static v0.2.11
[INFO] [stderr]     Checking language-tags v0.2.2
[INFO] [stderr]    Compiling version_check v0.9.2
[INFO] [stderr]     Checking serde v0.9.15
[INFO] [stderr]     Checking scoped-tls v0.1.2
[INFO] [stderr]     Checking typeable v0.1.2
[INFO] [stderr]     Checking gimli v0.22.0
[INFO] [stderr]     Checking traitobject v0.1.0
[INFO] [stderr]    Compiling ryu v1.0.5
[INFO] [stderr]    Compiling failure_derive v0.1.8
[INFO] [stderr]     Checking dtoa v0.4.6
[INFO] [stderr]     Checking void v1.0.2
[INFO] [stderr]     Checking adler v0.2.3
[INFO] [stderr]     Checking smallvec v0.2.1
[INFO] [stderr]     Checking object v0.20.0
[INFO] [stderr]     Checking semver-parser v0.7.0
[INFO] [stderr]     Checking slab v0.3.0
[INFO] [stderr]     Checking antidote v1.0.0
[INFO] [stderr]     Checking rustc-demangle v0.1.16
[INFO] [stderr]    Compiling serde_json v1.0.57
[INFO] [stderr]     Checking try-lock v0.1.0
[INFO] [stderr]     Checking take v0.1.0
[INFO] [stderr]    Compiling maud_htmlescape v0.17.0
[INFO] [stderr]     Checking itoa v0.4.6
[INFO] [stderr]     Checking mime v0.3.16
[INFO] [stderr]    Compiling literalext v0.1.1
[INFO] [stderr]    Compiling matches v0.1.8
[INFO] [stderr]     Checking crossbeam v0.2.12
[INFO] [stderr]     Checking linked-hash-map v0.5.3
[INFO] [stderr]     Checking route-recognizer v0.1.13
[INFO] [stderr]    Compiling indexmap v1.6.0
[INFO] [stderr]     Checking lock_api v0.3.4
[INFO] [stderr]     Checking unreachable v1.0.0
[INFO] [stderr]     Checking semver v0.10.0
[INFO] [stderr]    Compiling unicase v1.4.2
[INFO] [stderr]    Compiling unicase v2.6.0
[INFO] [stderr]    Compiling libc v0.2.77
[INFO] [stderr]    Compiling proc-macro2 v1.0.21
[INFO] [stderr]     Checking idna v0.1.5
[INFO] [stderr]     Checking arrayvec v0.4.12
[INFO] [stderr]     Checking num_cpus v1.13.0
[INFO] [stderr]     Checking iovec v0.1.4
[INFO] [stderr]     Checking net2 v0.2.35
[INFO] [stderr]     Checking time v0.1.44
[INFO] [stderr]    Compiling semver v0.9.0
[INFO] [stderr]     Checking relative-path v0.3.7
[INFO] [stderr]     Checking toml v0.4.10
[INFO] [stderr]     Checking base64 v0.9.3
[INFO] [stderr]     Checking stb_truetype v0.3.1
[INFO] [stderr]     Checking crossbeam-utils v0.7.2
[INFO] [stderr]     Checking miniz_oxide v0.4.2
[INFO] [stderr]     Checking lru-cache v0.1.2
[INFO] [stderr]     Checking smallvec v0.6.13
[INFO] [stderr]     Checking cadence v0.13.2
[INFO] [stderr]     Checking bytes v0.4.12
[INFO] [stderr]    Compiling openssl-sys v0.9.58
[INFO] [stderr]     Checking log v0.3.9
[INFO] [stderr]    Compiling maud_macros v0.17.5
[INFO] [stderr]    Compiling quote v1.0.7
[INFO] [stderr]     Checking mio v0.6.22
[INFO] [stderr]     Checking num-traits v0.1.43
[INFO] [stdout] error[E0557]: feature has been removed
[INFO] [stdout]  --> /opt/rustwide/cargo-home/registry/src/github.com-1ecc6299db9ec823/maud_macros-0.17.5/src/lib.rs:2:12
[INFO] [stdout]   |
[INFO] [stdout] 2 | #![feature(proc_macro_non_items)]
[INFO] [stdout]   |            ^^^^^^^^^^^^^^^^^^^^ feature has been removed
[INFO] [stdout]   |
[INFO] [stdout]   = note: subsumed by `#![feature(proc_macro_hygiene)]`
[INFO] [stdout] 
[INFO] [stdout] 
[INFO] [stdout] error[E0658]: use of unstable library feature 'proc_macro_quote'
[INFO] [stdout]   --> /opt/rustwide/cargo-home/registry/src/github.com-1ecc6299db9ec823/maud_macros-0.17.5/src/generate.rs:68:21
[INFO] [stdout]    |
[INFO] [stdout] 68 |                     quote!($head $body)
[INFO] [stdout]    |                     ^^^^^
[INFO] [stdout]    |
[INFO] [stdout]    = note: see issue #54722 <https://github.com/rust-lang/rust/issues/54722> for more information
[INFO] [stdout]    = help: add `#![feature(proc_macro_quote)]` to the crate attributes to enable
[INFO] [stdout] 
[INFO] [stdout] 
[INFO] [stdout] error[E0658]: use of unstable library feature 'proc_macro_quote'
[INFO] [stdout]   --> /opt/rustwide/cargo-home/registry/src/github.com-1ecc6299db9ec823/maud_macros-0.17.5/src/generate.rs:84:9
[INFO] [stdout]    |
[INFO] [stdout] 84 |         quote!({
[INFO] [stdout]    |         ^^^^^
[INFO] [stdout]    |
[INFO] [stdout]    = note: see issue #54722 <https://github.com/rust-lang/rust/issues/54722> for more information
[INFO] [stdout]    = help: add `#![feature(proc_macro_quote)]` to the crate attributes to enable
[INFO] [stdout] 
[INFO] [stdout] 
[INFO] [stdout] error[E0658]: use of unstable library feature 'proc_macro_quote'
[INFO] [stdout]    --> /opt/rustwide/cargo-home/registry/src/github.com-1ecc6299db9ec823/maud_macros-0.17.5/src/generate.rs:141:25
[INFO] [stdout]     |
[INFO] [stdout] 141 |                         quote!($head { $body })
[INFO] [stdout]     |                         ^^^^^
[INFO] [stdout]     |
[INFO] [stdout]     = note: see issue #54722 <https://github.com/rust-lang/rust/issues/54722> for more information
[INFO] [stdout]     = help: add `#![feature(proc_macro_quote)]` to the crate attributes to enable
[INFO] [stdout] 
[INFO] [stdout] 
[INFO] [stdout] error[E0658]: use of unstable library feature 'proc_macro_quote'
[INFO] [stdout]    --> /opt/rustwide/cargo-home/registry/src/github.com-1ecc6299db9ec823/maud_macros-0.17.5/src/generate.rs:150:9
[INFO] [stdout]     |
[INFO] [stdout] 150 |         quote!($head $body)
[INFO] [stdout]     |         ^^^^^
[INFO] [stdout]     |
[INFO] [stdout]     = note: see issue #54722 <https://github.com/rust-lang/rust/issues/54722> for more information
[INFO] [stdout]     = help: add `#![feature(proc_macro_quote)]` to the crate attributes to enable
[INFO] [stdout] 
[INFO] [stdout] 
[INFO] [stdout] error[E0658]: use of unstable library feature 'proc_macro_quote'
[INFO] [stdout]    --> /opt/rustwide/cargo-home/registry/src/github.com-1ecc6299db9ec823/maud_macros-0.17.5/src/generate.rs:218:5
[INFO] [stdout]     |
[INFO] [stdout] 218 |     quote!(if $cond)
[INFO] [stdout]     |     ^^^^^
[INFO] [stdout]     |
[INFO] [stdout]     = note: see issue #54722 <https://github.com/rust-lang/rust/issues/54722> for more information
[INFO] [stdout]     = help: add `#![feature(proc_macro_quote)]` to the crate attributes to enable
[INFO] [stdout] 
[INFO] [stdout] 
[INFO] [stdout] error[E0658]: use of unstable library feature 'proc_macro_quote'
[INFO] [stdout]    --> /opt/rustwide/cargo-home/registry/src/github.com-1ecc6299db9ec823/maud_macros-0.17.5/src/generate.rs:269:13
[INFO] [stdout]     |
[INFO] [stdout] 269 |             quote!($output_ident.push_str($string);)
[INFO] [stdout]     |             ^^^^^
[INFO] [stdout]     |
[INFO] [stdout]     = note: see issue #54722 <https://github.com/rust-lang/rust/issues/54722> for more information
[INFO] [stdout]     = help: add `#![feature(proc_macro_quote)]` to the crate attributes to enable
[INFO] [stdout] 
[INFO] [stdout] 
[INFO] [stdout] error[E0658]: use of unstable library feature 'proc_macro_quote'
[INFO] [stdout]   --> /opt/rustwide/cargo-home/registry/src/github.com-1ecc6299db9ec823/maud_macros-0.17.5/src/lib.rs:47:5
[INFO] [stdout]    |
[INFO] [stdout] 47 |     quote!({
[INFO] [stdout]    |     ^^^^^
[INFO] [stdout]    |
[INFO] [stdout]    = note: see issue #54722 <https://github.com/rust-lang/rust/issues/54722> for more information
[INFO] [stdout]    = help: add `#![feature(proc_macro_quote)]` to the crate attributes to enable
[INFO] [stdout] 
[INFO] [stdout] 
[INFO] [stdout] error[E0658]: use of unstable library feature 'proc_macro_quote'
[INFO] [stdout]   --> /opt/rustwide/cargo-home/registry/src/github.com-1ecc6299db9ec823/maud_macros-0.17.5/src/lib.rs:20:5
[INFO] [stdout]    |
[INFO] [stdout] 20 | use proc_macro::quote;
[INFO] [stdout]    |     ^^^^^^^^^^^^^^^^^
[INFO] [stdout]    |
[INFO] [stdout]    = note: see issue #54722 <https://github.com/rust-lang/rust/issues/54722> for more information
[INFO] [stdout]    = help: add `#![feature(proc_macro_quote)]` to the crate attributes to enable
[INFO] [stdout] 
[INFO] [stdout] 
[INFO] [stdout] error[E0658]: use of unstable library feature 'proc_macro_quote'
[INFO] [stdout]  --> /opt/rustwide/cargo-home/registry/src/github.com-1ecc6299db9ec823/maud_macros-0.17.5/src/generate.rs:6:5
[INFO] [stdout]   |
[INFO] [stdout] 6 |     quote,
[INFO] [stdout]   |     ^^^^^
[INFO] [stdout]   |
[INFO] [stdout]   = note: see issue #54722 <https://github.com/rust-lang/rust/issues/54722> for more information
[INFO] [stdout]   = help: add `#![feature(proc_macro_quote)]` to the crate attributes to enable
[INFO] [stdout] 
[INFO] [stdout] 
[INFO] [stdout] error[E0658]: use of unstable library feature 'proc_macro_def_site'
[INFO] [stdout]   --> /opt/rustwide/cargo-home/registry/src/github.com-1ecc6299db9ec823/maud_macros-0.17.5/src/lib.rs:37:69
[INFO] [stdout]    |
[INFO] [stdout] 37 |     let output_ident = TokenTree::Ident(Ident::new("__maud_output", Span::def_site()));
[INFO] [stdout]    |                                                                     ^^^^^^^^^^^^^^
[INFO] [stdout]    |
[INFO] [stdout]    = note: see issue #54724 <https://github.com/rust-lang/rust/issues/54724> for more information
[INFO] [stdout]    = help: add `#![feature(proc_macro_def_site)]` to the crate attributes to enable
[INFO] [stdout] 
[INFO] [stdout] 
[INFO] [stdout] error[E0658]: use of unstable library feature 'proc_macro_span'
[INFO] [stdout]    --> /opt/rustwide/cargo-home/registry/src/github.com-1ecc6299db9ec823/maud_macros-0.17.5/src/generate.rs:226:32
[INFO] [stdout]     |
[INFO] [stdout] 226 |             Some(span) => span.join(token.span()).unwrap_or(span),
[INFO] [stdout]     |                                ^^^^
[INFO] [stdout]     |
[INFO] [stdout]     = note: see issue #54725 <https://github.com/rust-lang/rust/issues/54725> for more information
[INFO] [stdout]     = help: add `#![feature(proc_macro_span)]` to the crate attributes to enable
[INFO] [stdout] 
[INFO] [stdout] 
[INFO] [stdout] error[E0658]: use of unstable library feature 'proc_macro_def_site'
[INFO] [stdout]    --> /opt/rustwide/cargo-home/registry/src/github.com-1ecc6299db9ec823/maud_macros-0.17.5/src/generate.rs:228:25
[INFO] [stdout]     |
[INFO] [stdout] 228 |         .unwrap_or_else(Span::def_site)
[INFO] [stdout]     |                         ^^^^^^^^^^^^^^
[INFO] [stdout]     |
[INFO] [stdout]     = note: see issue #54724 <https://github.com/rust-lang/rust/issues/54724> for more information
[INFO] [stdout]     = help: add `#![feature(proc_macro_def_site)]` to the crate attributes to enable
[INFO] [stdout] 
[INFO] [stdout] 
[INFO] [stderr]     Checking num-integer v0.1.43
[INFO] [stdout] error[E0658]: use of unstable library feature 'proc_macro_span'
[INFO] [stdout]    --> /opt/rustwide/cargo-home/registry/src/github.com-1ecc6299db9ec823/maud_macros-0.17.5/src/parse.rs:344:61
[INFO] [stdout]     |
[INFO] [stdout] 344 | ...                   if let Some(bigger_span) = span.join(token.span()) {
[INFO] [stdout]     |                                                       ^^^^
[INFO] [stdout]     |
[INFO] [stdout]     = note: see issue #54725 <https://github.com/rust-lang/rust/issues/54725> for more information
[INFO] [stdout]     = help: add `#![feature(proc_macro_span)]` to the crate attributes to enable
[INFO] [stdout] 
[INFO] [stdout] 
[INFO] [stdout] error: aborting due to 14 previous errors
[INFO] [stdout] 
[INFO] [stdout] 
[INFO] [stdout] Some errors have detailed explanations: E0557, E0658.
[INFO] [stdout] 
[INFO] [stdout] For more information about an error, try `rustc --explain E0557`.
[INFO] [stdout] 
[INFO] [stderr] error: could not compile `maud_macros`.
[INFO] [stderr] 
[INFO] [stderr] To learn more, run the command again with --verbose.
[INFO] [stderr] warning: build failed, waiting for other jobs to finish...
[INFO] [stderr] error: build failed
[INFO] running `Command { std: "docker" "inspect" "ea111eb623c7dea3474d6f5d3d5a205fb56aaf365bf695b406e5fbd194b723a4", kill_on_drop: false }`
[INFO] running `Command { std: "docker" "rm" "-f" "ea111eb623c7dea3474d6f5d3d5a205fb56aaf365bf695b406e5fbd194b723a4", kill_on_drop: false }`
[INFO] [stdout] ea111eb623c7dea3474d6f5d3d5a205fb56aaf365bf695b406e5fbd194b723a4
